is q(19)?
16
Let d(x) = 2*x**3 + 12*x**2 - 17*x + 10. Determine d(-7).
31
Let d(z) = -z**3 - 12*z**2 - 278*z - 762. What is d(-3)?
-9
Let h(o) = o**2 - 201*o + 801. What is h(4)?
13
Let t(k) = -48*k - 2. Determine t(2).
-98
Let f(d) = 28*d - 322. Calculate f(27).
434
Let q(k) = 2*k**2 + 3*k + 17. Give q(5).
82
Let r(l) = l**2 - 94*l + 529. Calculate r(6).
1
Let f(l) = l**3 + 6*l**2 + 276*l + 1074. What is f(-4)?
2
Let b(j) = -2*j**2 + 33*j - 82. What is b(12)?
26
Let f(z) = -3662*z - 14643. Give f(-4).
5
Let j(s) = -6*s - 40. Calculate j(12).
-112
Let t(g) = -3*g**3 + 4*g**2 - 6*g + 8. Give t(4).
-144
Let k(g) = -2*g**2 + 8*g - 24. Give k(3).
-18
Let s(c) = 7*c**2 + 2*c - 1173. Give s(-13).
-16
Let z(d) = -d**3 + 9*d**2 - 664*d + 8386. Calculate z(12).
-14
Let j(b) = -2241*b - 6817. Give j(-3).
-94
Let c(l) = -36*l**2 - 252*l + 1. Calculate c(-7).
1
Let y(t) = 1988*t - 9948. Give y(5).
-8
Let o(f) = -12*f**2 - 1604*f + 1611. Determine o(1).
-5
Let k(n) = -7*n**2 + 486*n - 221. Give k(69).
-14
Let s(a) = a**3 + 42*a**2 + 441*a + 97. What is s(-23)?
5
Let v(k) = k**3 + 47*k**2 - 44*k + 189. Determine v(-48).
-3
Let k(r) = -r - 52. What is k(-20)?
-32
Let y(i) = -4*i**2 - 115*i - 326. Determine y(-3).
-17
Let j(w) = -w**3 + 17*w**2 + 3*w + 257. Calculate j(18).
-13
Let t(l) = -l + 86. Calculate t(-56).
142
Let b(o) = -o**2 + 29*o + 864. Determine b(52).
-332
Let h(i) = i**2 - 9*i - 3. Calculate h(8).
-11
Let k(g) = 2*g**2 + 8*g - 5. Determine k(2).
19
Let s(y) = 21*y - 162. Give s(10).
48
Let b(o) = -79*o - 5719. What is b(-72)?
-31
Let i(b) = -136*b - 11697. Give i(-86).
-1
Let n(y) = y**3 - 20*y**2 + 84*y - 2. Give n(6).
-2
Let l(q) = 19*q + 197. Determine l(-19).
-164
Let p(l) = l**2 - 142*l - 26. Determine p(0).
-26
Let w(h) = -h**3 + 7*h**2 - 268*h + 1281. What is w(5)?
-9
Let j(i) = -i**3 - 17*i**2 + 57*i - 20. Calculate j(-20).
40
Let r(o) = 30*o - 132. Give r(10).
168
Let o(u) = -u**3 + 47*u**2 - 48*u + 85. Calculate o(46).
-7
Let p(l) = 7*l + 58. Determine p(-9).
-5
Let a(v) = -v**2 - 5*v + 10. Determine a(2).
-4
Let z(k) = k**2 + 1216*k - 32286. Determine z(26).
6
Let b(g) = g**2 + 53*g + 344. Calculate b(-47).
62
Let k(s) = 5*s**2 + 5*s - 36. Determine k(4).
64
Let q(a) = 21*a - 524. Calculate q(25).
1
Let c(a) = 2*a**3 + 194*a**2 - 5*a - 246. Calculate c(-97).
239
Let d(c) = 3*c - 140. Calculate d(39).
-23
Let q(x) = x**3 + 7*x**2 + 2*x. Calculate q(0).
0
Let q(b) = -30*b + 145. Give q(9).
-125
Let v(t) = 9*t**2 - 85*t - 25. Calculate v(11).
129
Let q(k) = 102*k + 2137. What is q(-21)?
-5
Let q(i) = -156*i - 3756. Give q(-24).
-12
Let o(u) = -u**3 - 23*u**2 - 75*u. Determine o(-19).
-19
Let o(m) = -14*m**3 + 4*m**2 + 6*m - 25. Give o(2).
-109
Let t(y) = 3*y**2 - 14*y + 30. What is t(8)?
110
Let s(k) = 3*k**3 - 83*k**2 - 24*k - 94. Calculate s(28).
18
Let u(m) = m**2 - 16*m - 225. Determine u(25).
0
Let j(o) = -17*o - 57. Give j(-9).
96
Let x(s) = -s**3 + 88*s**2 - 168*s - 438. Give x(86).
-94
Let w(i) = i**2 - 1445*i - 7262. Calculate w(-5).
-12
Let p(x) = -152*x - 167. Calculate p(0).
-167
Let r(n) = 7*n**3 + 4*n**2 - 2*n - 26. What is r(-3)?
-173
Let n(k) = -5*k**2 - 24*k + 29. Calculate n(-7).
-48
Let b(h) = 2*h**3 + 10*h**2 + 4*h + 17. Give b(-5).
-3
Let a(g) = -8*g**2 + 169*g - 25. Determine a(21).
-4
Let a(v) = v**3 - 32*v**2 - 191*v + 15. What is a(37)?
-207
Let v(b) = -4338*b - 43324. Give v(-10).
56
Let w(l) = -l**3 + 8*l**2 + 14*l + 22. What is w(-4)?
158
Let d(x) = 80*x - 771. Calculate d(10).
29
Let h(z) = -20*z**2 + 107*z - 21. Calculate h(5).
14
Let s(t) = 9*t**2 + 248*t + 978. What is s(-4)?
130
Let b(i) = i**3 + 5*i**2 + 248*i + 479. Calculate b(-2).
-5
Let v(i) = i**3 + 21*i**2 - 878*i + 81. Give v(-42).
-87
Let z(k) = k**2 + 26*k - 154. Give z(-35).
161
Let q(z) = -1493*z + 40316. Determine q(27).
5
Let p(g) = 2*g**3 + 14*g**2 + 28*g + 113. Determine p(-6).
17
Let a(w) = w**2 - w - 35. Determine a(-9).
55
Let u(l) = -1733*l - 12159. Calculate u(-7).
-28
Let g(u) = -u**3 - 7*u**2 + 57*u + 370. Determine g(-8).
-22
Let y(u) = -346*u + 1258. Determine y(4).
-126
Let w(f) = -f**3 - 9*f**2 + 11*f + 127. What is w(-9)?
28
Let q(s) = 5*s + 257. What is q(-39)?
62
Let a(l) = l**2 + 42*l + 404. Calculate a(-22).
-36
Let v(n) = -n**3 + 15*n - 27. What is v(4)?
-31
Let r(x) = x**2 - 128*x + 3505. Calculate r(88).
-15
Let f(b) = b**3 + b**2 - 16*b + 12. What is f(3)?
0
Let y(w) = w**2 + 13*w - 36. Calculate y(-13).
-36
Let i(k) = -2*k**3 - 7*k**2 + 7*k - 3. What is i(1)?
-5
Let d(v) = -v**3 + 15*v**2 + 319*v + 138. What is d(27)?
3
Let h(j) = 324*j - 9061. What is h(28)?
11
Let o(g) = -2*g**3 + 5*g**2 - 60*g + 184. Calculate o(3).
-5
Let b(u) = -177*u + 34163. Calculate b(193).
2
Let n(s) = s**3 - 13*s**2 + 28*s + 1. Determine n(11).
67
Let r(m) = 238*m - 49. Give r(-2).
-525
Let f(l) = -490*l - 3448. Determine f(-7).
-18
Let x(w) = -6*w**3 - 2*w**2 + 68*w + 69. Give x(-1).
5
Let v(s) = -16*s - 1087. Determine v(-65).
-47
Let b(k) = -2*k**2 + 2207*k + 58733. Calculate b(-26).
-1
Let a(d) = -2*d**2 - 5*d. Give a(-2).
2
Let v(k) = -k**3 + 4*k**2 - 4*k + 20. Determine v(4).
4
Let r(n) = -3*n**2 + 31*n + 355. What is r(-7)?
-9
Let r(l) = -l**3 + 21*l**2 - 15*l - 118. What is r(20)?
-18
Let x(c) = -185*c + 13868. Calculate x(75).
-7
Let a(z) = 233*z - 1623. Determine a(7).
8
Let z(x) = -110*x + 2723. What is z(24)?
83
Let l(q) = q**3 - 57*q**2 - 60*q - 93. Determine l(58).
-209
Let i(y) = 7*y - 106. Determine i(14).
-8
Let f(b) = b**3 - 33*b**2 + 26*b + 195. Calculate f(32).
3
Let d(c) = -c**3 - 17*c**2 + 40*c + 244. Determine d(-20).
644
Let q(d) = -4*d**2 - 101*d - 34. What is q(-25)?
-9
Let n(l) = -l**2 - 7*l + 132. Determine n(11).
-66
Let k(q) = 2*q**2 + 48*q - 21. Determine k(-23).
-67
Let b(q) = 2*q**3 - 2*q**2 + 3*q - 104. Determine b(0).
-104
Let n(s) = s**2 + 426*s - 1296. Calculate n(3).
-9
Let t(u) = -u**3 + 22*u**2 - 56*u + 95. What is t(19)?
114
Let a(d) = d**2 - 4*d - 988. Determine a(-30).
32
Let g(r) = -13*r - 106. Give g(-8).
-2
Let z(m) = -67*m + 8235. Calculate z(123).
-6
Let w(b) = -b**2 + 24*b - 146. Give w(7).
-27
Let k(c) = -12*c - 112. Give k(-9).
-4
Let m(y) = 16*y**2 - 193*y + 1. What is m(12)?
-11
Let l(j) = j**3 + 2*j**2 - 8*j + 9. Determine l(-4).
9
Let n(y) = 772*y - 13126. Give n(17).
-2
Let o(w) = -2*w**2 - 16*w - 26. Give o(-6).
-2
Let q(w) = w**3 - 50*w**2 + 183*w + 52. Give q(46).
6
Let p(k) = -21*k - 203. Calculate p(-34).
511
Let m(d) = d**2 + 22*d - 2. Give m(-24).
46
Let p(f) = 2842*f - 116522. What is p(41)?
0
Let a(b) = -b**3 - b**2 - 39*b + 19. Determine a(0).
19
Let t(y) = -126*y - 6089. What is t(-48)?
-41
Let w(v) = -7*v**3 - 10*v**2 + 154*v + 9. Determine w(4).
17
Let c(r) = 35*r**2 + 94*r + 3. Determine c(-4).
187
Let y(z) = 3*z**2 - 50*z - 217. What is y(22)?
135
Let f(a) = a**3 - 3*a**2 - 23*a - 34. Calculate f(11).
681
Let a(x) = 4*x**2 - 126*x - 45. What is a(32)?
19
Let w(s) = -2331*s - 9330. Calculate w(-4).
-6
Let z(y) = 16*y**2 - 113*y - 57. Give z(8).
63
Let l(z) = 4*z - 42. Determine l(4).
-26
Let u(g) = 5*g - 202. What is u(53)?
63
Let o(m) = 2*m**2 - 33*m + 127. Determine o(10).
-3
Let c(h) = -37*h - 326. What is c(-10)?
44
Let l(x) = 4*x**2 + 14*x + 35. Calculate l(0).
35
Let k(x) = 3*x**2 - 39*x - 50. Calculate k(14).
-8
Let j(c) = 4*c**2 - 40*c + 133. Give j(9).
97
Let y(k) = -635*k - 4437. Calculate y(-7).
8
Let r(x) = -x**3 - 3*x**2 - 2*x - 275. Give r(0).
-275
Let s(z) = -z**3 + z**2 + 125*z + 17. Determine s(12).
-67
Let m(s) = -s**3 - 13*s**2 - 60*s - 361. Calculate m(-11).
57
Let d(u) = 112*u + 600. Determine d(-5).
40
Let b(l) = -l**3 + 32*l**2 + 31*l + 66. What is b(33)?
0
Let p(r) = -21*r + 163. Give p(-10).
373
Let l(r) = -77*r**2 + 396*r - 61. Give l(5).
-6
Let y(t) = 6*t**2 - 385*t + 804. Determine y(62).
-2
Let h(d) = -8*d**3 - 79*d**2 + 13*d + 17. Give h(-10).
-13
Let l(k) = k**3 + 10*k**2 + 17*k + 4. What is l(-8)?
-4
Let o(l) = -l**3 + 36*l**2 - 39*l + 65. Give o(35).
-75
Let m(v) = -v**2 - 79*v - 1267. Determine m(-22).
-13
Let q(r) = 168*r + 1542. What is q(-8)?
198
Let u(n) = -5385*n - 43115. Determine u(-8).
-35
Let i(u) = -u**2 - 22*u - 2. What is i(-20)?
38
Let h(c) = 3*c**2 - 1481*c - 13582. What is h(-9)?
-10
Let n(z) = -z**3 - 33*z**2 + 131*z